ase 9
-101320
What is 1104425 (base 6) in base 13?
1c31c
10010110100111 (base 2) to base 15
2cc9
What is -75655 (base 13) in base 16?
-33c1c
Convert 13300 (base 13) to base 15.
a874
What is 1210036 (base 10) in base 7?
13166542
201404330 (base 5) to base 12
330891
53202103 (base 7) to base 9
8425641
5471345 (base 11) to base 2
100100101001010001011111
Convert -1837104 (base 11) to base 13.
-850113
What is 1121002323 (base 4) in base 10?
364731
What is -53750100 (base 8) in base 3?
-210200101100220
Convert -1102002120100 (base 3) to base 8.
-2670402
What is c4b84 (base 14) in base 8?
1636200
What is 12523246 (base 7) in base 8?
4303647
32591e (base 15) to base 5
1103221204
What is -1a816 (base 15) in base 6?
-1503020
What is 12547 (base 9) in base 6?
103111
Convert 110100000000010111111000 (base 2) to base 9.
27577875
Convert 8369255 (base 10) to base 16.
7fb467
1016421 (base 8) to base 7
2201651
Convert 11302132222 (base 4) to base 16.
1727aa
5725673 (base 10) to base 16
575de9
What is 338de (base 15) in base 12?
7aab5
What is 41000033 (base 5) in base 9?
550113
What is -1441221321 (base 6) in base 13?
-3957490
1d513 (base 14) to base 8
222515
-166786 (base 11) to base 6
-5305344
Convert -2948813 (base 10) to base 5.
-1223330223
-77416 (base 9) to base 4
-30202221
What is 146087 (base 10) in base 16?
23aa7
What is -29b6188 (base 12) in base 13?
-199b2cc
4289a (base 11) to base 10
62303
Convert 4326 (base 12) to base 15.
22b9
-2126874 (base 10) to base 14
-3d5158
What is 453a79 (base 14) in base 8?
10765013
Convert 1145543113 (base 6) to base 5.
11331430333
What is 651518 (base 13) in base 7?
26114123
Convert -20033030112 (base 4) to base 15.
-2c9c3c
Convert 72926 (base 10) to base 3.
10201000222
What is -10023015 (base 6) in base 5?
-33030222
Convert -38a1 (base 16) to base 6.
-151041
-420441044 (base 5) to base 11
-a84782
Convert -477303 (base 8) to base 13.
-59579
What is 794aa (base 12) in base 15?
32c5a
What is 110101010011010 (base 2) in base 3?
1101102202
-95c8 (base 16) to base 8
-112710
What is 4103202 (base 6) in base 13?
6aa75
What is 560466 (base 8) in base 14?
4cac6
Convert 1958a97 (base 11) to base 6.
154510233
Convert 108111 (base 9) to base 16.
fdcc
Convert -10000001001100000011 (base 2) to base 16.
-81303
1042224 (base 9) to base 13
167782
What is 334300 (base 6) in base 12?
14390
What is 273c8 (base 16) in base 2?
100111001111001000
Convert 113110101 (base 4) to base 11.
65833
Convert 13012132 (base 6) to base 5.
101443223
4012100 (base 5) to base 6
1205304
Convert 1444244230 (base 5) to base 13.
a67175
Convert -2a277 (base 14) to base 5.
-11323034
-22021031 (base 4) to base 2
-1010001001001101
What is -22102312 (base 5) in base 7?
-1423504
Convert b9c834 (base 14) to base 9.
12755864
-135174 (base 13) to base 10
-468225
What is -2aa98 (base 11) in base 5?
-2401114
What is 214030134 (base 5) in base 2?
11100001100010010010
Convert -110511 (base 8) to base 12.
-19635
Convert -130054 (base 7) to base 9.
-35881
Convert 28ab12 (base 16) to base 11.
1560480
What is 7051c1 (base 13) in base 2?
1001111101010010111010
-9a7b (base 16) to base 10
-39547
What is -1100022011102 (base 3) in base 13?
-1c0307
Convert 10041431 (base 5) to base 10.
80866
1ca4f (base 16) to base 2
11100101001001111
Convert 5143315 (base 8) to base 15.
1bd693
What is -101111110101111101001 (base 2) in base 15?
-20e79b
What is -34436432 (base 7) in base 6?
-144403525
What is -44c301 (base 14) in base 5?
-1044312402
Convert 121431411 (base 5) to base 10.
577106
-26a83 (base 15) to base 5
-12430443
Convert c648a (base 14) to base 5.
110301422
23510351 (base 6) to base 11
4660a9
Convert 2625912 (base 10) to base 6.
132141000
Convert 325787 (base 9) to base 7.
1440142
Convert -2100010110212 (base 3) to base 7.
-13363430
Convert -38bb3 (base 12) to base 6.
-1355543
What is 1122020201120 (base 3) in base 12?
360036
1010110010011100110010 (base 2) to base 3
12022200101210
42034424 (base 6) to base 7
13231633
What is 233023110 (base 4) in base 14?
505c8
Convert 2513344 (base 6) to base 2.
100000110010000000
What is -134440420 (base 5) in base 13?
-1b7a5c
-244415151 (base 6) to base 11
-271a5a2
What is 102033213332 (base 4) in base 5?
2211020330
581796 (base 10) to base 9
1076060
Convert 22d0a (base 16) to base 9.
236546
What is d09b (base 16) in base 7?
311460
Convert e1c85e (base 15) to base 2.
101000111010001110101000
3213412 (base 5) to base 7
314053
Convert -34135 (base 9) to base 16.
-58b8
What is 31030023233 (base 4) in base 2?
1101001100001011101111
What is -100204 (base 9) in base 3?
-10000020011
What is -114214233 (base 5) in base 14?
-100461
-2609a6 (base 11) to base 3
-202212222220
What is 2168095 (base 11) in base 2?
1110100000011010010011
What is -5b17b (base 15) in base 9?
-482548
Convert 33a4d (base 15) to base 14.
43c55
What is 8092a1 (base 14) in base 6?
232432113
Convert 2110200220 (base 3) to base 2.
1011110111110000
-353668 (base 11) to base 12
-2308a7
What is 100111100100201 (base 3) in base 11?
2936984
Convert -1676365 (base 8) to base 12.
-1b7bb1
5553334 (base 6) to base 10
279418
What is 59435 (base 11) in base 14?
2333c
Convert -11455035 (base 7) to base 6.
-33524130
-533405 (base 6) to base 12
-21265
Convert 117b66 (base 12) to base 10.
283326
-795502 (base 11) to base 10
-1266388
19a327d (base 14) to base 3
220000102100001
Convert 91414 (base 15) to base 11.
2945a9
-4ad (base 15) to base 5
-13223
What is 3134430 (base 6) in base 16?
25452
What is -534442514 (base 6) in base 9?
-18720561
110010100111011110110 (base 2) to base 16
194ef6
-483a8 (base 12) to base 4
-113300300
What is -601814 (base 10) in base 6?
-20522102
What is -92df6 (base 16) in base 5?
-123222330
Convert -582745 (base 12) to base 11.
-886869
What is -840999 (base 10) in base 2?
-11001101010100100111
Convert -90343 (base 10) to base 8.
-260347
Convert -34242031 (base 5) to base 10.
-305891
-333101 (base 4) to base 13
-1ac6
What is 5667363 (base 8) in base 5?
343120411
What is 2330230130 (base 4) in base 12?
313338
Convert -130204433 (base 5) to base 3.
-1012002202112
Convert -10aa81 (base 13) to base 2.
-1100000011100110010
-15a5820 (base 12) to base 6
-235153240
Convert 951778 (base 11) to base 15.
201c6c
What is 31801 (base 9) in base 16?
5245
Convert 111111001110000010 (base 2) to base 12.
105a2a
What is 1100010001000001 (base 2) in base 10?
50241
Convert 158436 (base 13) to base 8.
2017653
Convert -5487877 (base 9) to base 2.
-1011010000101000011110
-102885 (base 10) to base 12
-4b659
Convert 111001111101001011 (base 2) to base 10.
237387
Convert 77d93 (base 14) to base 8.
1067755
-7d649 (base 14) to base 7
-2412422
Convert 232743 (base 9) to base 10.
139845
Convert 4aa223 (base 16) to base 15.
669381
What is 20420742 (base 9) in base 12?
3354585
Convert 863509 (base 14) to base 15.
5ead09
861077 (base 10) to base 9
1552152
-1884376 (base 13) to base 7
-125203516
-110723 (base 9) to base 12
-32386
3202542 (base 9) to base 3
10020002121102
What is -a5dca6 (base 16) in base 7?
-161251514
Convert 15b8b1 (base 15) to base 8.
4005707
-155846 (base 11) to base 9
-407770
101144 (base 6) to base 2
1111101111000
What is 1123574 (base 9) in base 5?
123400041
What is -112030211 (base 5) in base 9?
-844461
What is -6b010c (base 15) in base 4?
-103200120102
Convert -17e964 (base 16) to base 7.
-16214510
Convert b65a20 (base 12) to base 15.
3bacec
What is -142405324 (base 7) in base 9?
-18551124
19b37 (base 14) to base 4
33330211
49b737 (base 13) to base 11
aa8045
-424040110 (base 5) to base 6
-102122124
Convert 1100100111001110100101 (base 2) to base 9.
6188473
-6802392 (base 10) to base 6
-401444320
Convert -4131498 (base 10) to base 9.
-7686313
Convert 11010111011100011101 (base 2) to base 16.
d771d
What is -179514 (base 10) in base 11?
-112965
324729 (base 11) to base 7
4260030
-735211 (base 8) to base 2
-111011101010001001
What is -5347026 (base 12) in base 15?
-15b8076
Convert -676617 (base 10) to base 2.
-10100101001100001001
4813868 (base 9) to base 11
1521159
What is 31330130220 (base 4) in base 8?
15743450
Convert 2b650 (base 15) to base 7.
1121403
What is -31656 (base 12) in base 14?
-198d4
What is -575a9 (base 11) in base 15?
-199eb
-13be38 (base 16) to base 6
-43422104
